What is g(5)?
15
Suppose -16 + 94 = 13*s. Let r(m) = 13*m - 7 + 18*m**2 + 30*m**2 - 47*m**2 - s*m. Suppose 2*q = 3 - 17. Determine r(q).
-7
Suppose 0 = 4*n - 2*m - 22, -m + 7 + 0 = 4*n. Let k(s) be the second derivative of -s**5/10 + s**4/2 - 2*s**2 - 48826*s. Determine k(n).
-4
Let a(u) = 3*u - 19*u + 5*u + 25 + 8*u. Calculate a(7).
4
Suppose 27*v = 11*v + 400. Suppose 25 = 14*g + v. Let z(f) = f**3 + f - 5. Calculate z(g).
-5
Let q(c) = -c**2 + 3*c - 5. Suppose 168*a + 168 - 288 = 216. Give q(a).
-3
Suppose 5*r = 3*z + 13, -2*r = -0*z + 2*z - 2. Suppose 7*m - 124 = 3*m + 3*o, 44 = r*m + 3*o. Let n(t) = 11 + 9 + 11 - m + t**2 + 5*t. Calculate n(-5).
3
Let v(q) = -75*q + 295. Suppose z - 24 = -4*j, 4*j - 5*z + 52 = 7*j. Give v(j).
-5
Let z(o) be the third derivative of o**4/6 + o**3 + 5*o**2 - 18*o. Determine z(-3).
-6
Let x(r) = -7*r**3 - 11*r**2 + 3*r + 12. Let w(c) = -2 + 15*c**3 - 16 - 6*c + 23*c**2 - 7. Let q(s) = -6*w(s) - 13*x(s). Let f = 29 - 34. Give q(f).
9
Let n(j) be the second derivative of j**5/20 + j**4/6 - 5*j**3/6 - 5*j**2 + 5701*j + 1. Determine n(-4).
-22
Let n(p) = 33*p + 119. Let b be n(-4). Let r(v) = -v**3 - 16*v**2 - 41*v - 18. Calculate r(b).
8
Let s be ((-54)/(-30) - 3146/(-130))/(2*-1). Let c(v) = 3*v + 48. Give c(s).
9
Suppose 33 = 8*j - 7. Let m(z) = -7*z. Let b(q) = -15*q - 1. Let h(r) = 6*b(r) - 13*m(r). What is h(j)?
-1
Let u(c) = -13*c**2 - 7*c - 12. Let j(z) = 6*z**2 + 4*z + 6. Let k(o) = -9*j(o) - 4*u(o). Let y be 175/(-56) + 2/16. Calculate k(y).
0
Let x(a) = -33*a**3 - a**2 + a - 1. Let u = -813 - -815. Let c(g) = 15*g - 29. Let b be c(u). What is x(b)?
-34
Let h(n) = -10 + 3 + 2*n + 2 + 3 - n. Give h(-7).
-9
Let w(b) = b**3 + 6*b**2 - 3*b - 3. Suppose -107*n + 102*n = 1075. Let j = 209 + n. Calculate w(j).
15
Let o(z) be the second derivative of 7*z**3/2 - 3*z**2/2 - 6*z + 148. What is o(4)?
81
Let r(z) = -67 - z**2 - 8*z + 59 - 10*z + 4*z. What is r(-5)?
37
Suppose 0 = -4*v - 2*c + 46, 36 = -18*v + 21*v + 2*c. Let f(g) = -8*g - 9*g + 24*g - v*g. Determine f(8).
-24
Let i = -57 - -64. Let m(c) = -5*c - 8. Let b(t) = 2*t + 4. Let x(v) = v**3 - v**2 - 2*v + 1. Let y be x(-2). Let r(o) = y*b(o) - 3*m(o). What is r(i)?
3
Let u(j) be the second derivative of -13*j**5/20 - j**4/6 - j**3/6 - j**2/2 + 11516*j. What is u(-1)?
11
Let y be 0 - ((-34)/(-8)*-1 - 69/92). Let r(j) be the second derivative of -y*j + 4*j**2 + 1/3*j**3 + 0. Determine r(-6).
-4
Let v(m) = m**3 + 2*m**2 + 4*m + 3. Let l = -183 - -169. Let b be 42/(-20) - l/140. Calculate v(b).
-5
Let y = 12 - 6. Suppose 7*f = 1 + y. Suppose 3*q = -f - 8. Let c(n) = -n**3 - 4*n**2 - 3*n - 1. Give c(q).
-1
Let q(j) = j**2 + 6*j + 9. Let k = -582 + 575. Give q(k).
16
Suppose 685*o + t = 688*o - 1, 0 = 2*o - 5*t - 5. Let n(a) be the third derivative of -a**5/60 - a**3/6 + 2*a**2. What is n(o)?
-1
Suppose 5*t + 2*c = 137 + 8, 4*c = -2*t + 74. Let y(b) = -b - 67 + t + 39. Let j = -2 + -3. Give y(j).
4
Let q(k) = 1 + 3 - 13 + 7 + k. Let a(r) = -r + 1. Let o(f) = 6*a(f) + 3*q(f). Let u(w) = -3*w - 17. Let d be u(-6). Give o(d).
-3
Let q be (11 + 140/(-12))*(-12 - 0). Let l(s) = s**2 - 9*s. What is l(q)?
-8
Let l(i) = -10*i - 46. Let b(f) = -7*f - 30. Let j(t) = -3*b(t) + 2*l(t). Give j(-8).
-10
Suppose -35 = -5*q - 20. Let a(s) = 19*s**q - 2*s + 3*s - 20*s**3 - 5*s**2 - 2 + 7. What is a(-5)?
0
Suppose 1 = 3*h + 4. Let u(f) = -263293 + 263293 + 8*f. Give u(h).
-8
Let j be -4 - (-35 + 40)*-1*1. Let q(f) = 4*f - 3. Determine q(j).
1
Let s(t) = -1 - 3*t - 4 + 7*t + 3. Let l(r) = -r**3 - 2*r**2 - 4*r - 6. Let f be l(-2). What is s(f)?
6
Let g be 20*(7 + -18*(-12)/(-32)). Let b(p) = p**2 - p + 27. Determine b(g).
47
Suppose n = -t - 19, 104 = -5*t + 5*n - n. Let r(q) = 6*q + 12*q + 11*q - 5 - 30*q - 9. Let p be r(t). Let z(f) = f**3 - 7*f**2 + 6*f + 5. Calculate z(p).
5
Let c(o) be the third derivative of -o**4/4 + o**3/2 + 14*o**2. Suppose -5*i + 3 = -2*i. Let s be (-10)/20*(-5 - i). Determine c(s).
-15
Let n(z) = z**3 + 29*z**2 - 97*z - 27. Let o = 4014 + -4046. What is n(o)?
5
Let j(a) = -3*a**2 + 3*a**2 + 5*a - 4 - a**2. Let f be 4/((-16)/22)*(0 + 2). Let u(z) = 8*z**2 + 87*z - 6. Let o be u(f). Determine j(o).
-4
Suppose -973 = -5*u - 58. Let c = -172 + u. Let z(n) = -n**2 + 12*n - 8. Determine z(c).
3
Let h(p) be the second derivative of -2*p**2 - 1/2*p**3 - 1 + 3*p. Give h(-6).
14
Let f(i) = 85*i + 2 + 81*i - 249*i + 74*i. What is f(5)?
-43
Let y(f) be the third derivative of -2*f**4/3 + 1158*f**2. Calculate y(-4).
64
Let w(g) = g**2 - 11*g + 19. Let v(y) = y**2 - 14*y - 40. Let d be v(-3). What is w(d)?
19
Let x(d) be the first derivative of 9*d**2 - 468*d + 8103. Give x(26).
0
Let c(i) = 22 - i**2 - 4*i + i - 2*i - 2*i. Let m(g) = 2*g**3 - 19*g**2 - 15*g + 41. Let y be m(10). Give c(y).
4
Let t(s) = 1 - 253734*s - 3 + 253735*s - 2 + 3. Suppose 4*a + 14 = 2*r + 2, r - 34 = -5*a. Suppose -4*v = -5*d + 21 + 10, 2*v + r = 2*d. What is t(d)?
2
Let m be (-5)/(-1) + -1 + (-5 - -5). Suppose -3*c - 2*y = 2, 4*c + m*y + 5 = -3. Let h(j) = 4*j**2 - j + 5*j - 2*j**c. Give h(-3).
6
Suppose 5*k = 115 - 85. Let r(d) = -k + 1 - 14*d**2 + 30*d**2 - 15*d**2 - 10*d + 5*d. What is r(6)?
1
Let z(i) = i**2 + 2*i. Let u(m) = -6*m**2 - 17*m + 1. Let c(d) = -u(d) - 4*z(d). Determine c(-9).
80
Suppose -4*p + r + 11 = 0, 22 - 10 = -4*r. Let b be (0 - 18)/(12/24*p). Let t(o) = o**3 + 19*o**2 + 19*o + 6. Determine t(b).
-12
Let s(d) = -2*d**3 + d**2 - 3*d + 15. Let y(o) = -o**3 - 2*o + 8. Let j(k) = -3*s(k) + 5*y(k). Determine j(4).
7
Let l(w) be the second derivative of -w**3/6 - w**2 - w. Let g be 3/5 - 168/(-20). Let p(v) = -5*v + 45. Let t be p(g). What is l(t)?
-2
Let j be ((-2)/2)/((-6)/(-4) + -2). Let g(m) = 5*m**3 + j*m + 6*m**3 - 10*m**3 - 1. What is g(2)?
11
Let d = 3 + 6. Let a(f) = d*f + 1 - 2 - 12*f. Let t(r) = r**2 + 23*r + 1. Let w be t(-23). Determine a(w).
-4
Let f = 693 - 659. Let i be (f/(-85))/(6/(-75)). Let a(u) = 2*u - 16. Give a(i).
-6
Let i(f) = -2*f - 124. Let z be i(-63). Suppose -3*p + 8 = p. Let u(m) = 2*m**z + m + 2*m - p*m + m. What is u(-2)?
4
Suppose -44 + 8 = -12*b. Let i(x) = -2 + 26*x**2 + 0*x - 20*x**2 - 8 - 7 + x**b - 9*x. Give i(-7).
-3
Let j(q) = -q**2 + 6*q - 6. Suppose 2*o = 4*o - 68. Suppose -28 = 3*r - o. Let b be r + (2 - (1 + -3)). Calculate j(b).
-6
Let w(i) be the third derivative of -i**4/6 - i**3/3 - 2*i**2 + i. Let t = -11 + 16. Let c(g) = -5*g - 2. Let b(l) = t*c(l) - 6*w(l). Determine b(5).
-3
Let y(s) be the first derivative of -2*s**2 - 24*s - 4439. What is y(-7)?
4
Suppose 5*g + 13 = -12, -4*g = -c + 22. Let q be (-4)/8*c - 3. Let f be q + 10/(7 + -2). Let r(x) = 2*x**2 + 4*x + 2. What is r(f)?
2
Let m(d) = 4*d**2 + 8*d - 6. Let k(y) = 3*y**2 + 8*y - 5. Let c(f) = -3*k(f) + 2*m(f). Let i be 2/(((-1)/(-3))/((-20)/12)). Let g be 32/6*15/i. Give c(g).
3
Suppose 5*t - 12 = 3, 2*r - 7 = t. Let s(y) = -y + 11. Let v(f) = -2*f + 21. Let b(m) = r*s(m) - 3*v(m). Calculate b(4).
-4
Let w(z) = -z**3 - 9*z**2 + 11*z - 8. Let s(d) = -d**3 + 3*d**2 + 20*d - 4. Let i be s(-3). Determine w(i).
-18
Let w(v) be the first derivative of v**4/4 - 2*v**3 - 3*v**2/2 + 11*v + 13772. Calculate w(6).
-7
Let z = -573 - -587. Let w(o) = o**3 - 16*o**2 + 27*o + 18. Give w(z).
4
Let r(z) = -4*z**2 + 31*z - 20. Let u be r(7). Let l be 12/(-66) - (u - 70/22). Let y(o) = 2*o**3 - 2*o**2 - o + 1. Determine y(l).
7
Let k be 38/(-57)*(-2)/(-4)*-333. Let h(a) = -1 + k*a**3 + 113*a**3 - 218*a**3 + a. Suppose 3*u + 1 = 4. What is h(u)?
6
Let r(s) = s**3 - 4*s**2 - 3*s + 1. Let o be 6*2/8 - (-140)/(-8). Let t(y) = -2*y - 31. Let j be t(o). Let m be (-4 + 10/5)/(j/(-2)). Calculate r(m).
-11
Let t(i) = 49*i**2 + 34*i + 81. Let o(d) = 53*d**2 + 36*d + 87. Let f(v) = 12*o(v) - 13*t(v). Let m be 1 + 3/((-3)/8). Calculate f(m).
12
Let o = 19 + -17. Suppose 5*t - 15 = 2*u, -o*t + 0*u + 5 = -u. Let m(h) be the third derivative of -h**5/60 + h**4/6 - h**3/6 - 3*h**2. Give m(t).
-6
Let j(w) be the second derivative of -w**4/6 + w**3 + 4*w**2 + 2*w + 4. Determine j(-5).
-72
Let j(r) = 2*r**2 - 39*r - 38. Let t(y) = -301*y + 3332. Let i be t(11). Determine j(i).
25
Let m(d) = d**3 - 6*d**2 + 5*d - 7. Suppose 4 + 8 = 2*r. Suppose -30 = -3*k + 5*c - 21, 2*k - 6 = 5*c. Suppose 7 = v + 2*